 56. Calculate v(-22).
-12
Let b(z) = -16*z - 175. What is b(-11)?
1
Let s(k) = 4*k**2 - 262*k + 143. Give s(65).
13
Let d(v) = -3*v**2 + 33*v - 19. Give d(11).
-19
Let i(j) = j**3 - 9*j**2 + 8*j - 65. Determine i(9).
7
Let u(x) = 2*x**3 - 1. Determine u(-2).
-17
Let n(s) = -s**3 + 4*s**2 + 4*s + 4. Give n(5).
-1
Let n(m) = 2*m**2 + 10*m - 3. Calculate n(-5).
-3
Let h(m) = 85*m**3 + 2*m**2 - 2*m. What is h(1)?
85
Let k(u) = -7*u - 56. Calculate k(-9).
7
Let q(v) = 9*v - 53. Give q(5).
-8
Let q(f) = -2*f**2 + f - 5. Give q(4).
-33
Let z(h) = -h**3 - 4*h**2 + 3*h + 16. Calculate z(-5).
26
Let v(r) = 2*r**3 - r**2 - 8*r + 7. Calculate v(3).
28
Let z(x) = -x**3 - 28*x**2 - 28*x - 35. What is z(-27)?
-8
Let h(r) = -r**3 + 18*r**2 - 69*r - 33. Determine h(12).
3
Let z(p) = -20*p - 60. Give z(-3).
0
Let g(s) = 7*s**3 + 3*s**2 - s + 1. Give g(2).
67
Let z(i) = 8*i**2 + 2*i - 1. Give z(1).
9
Let x(v) = v**3 - v - 30. Determine x(0).
-30
Let f(p) = 4*p + 23. What is f(-7)?
-5
Let c(b) = 4*b - 1. Calculate c(-1).
-5
Let m(u) = -16*u + 31. Calculate m(4).
-33
Let f(d) = 11*d**2 - 4*d - 1. Determine f(-2).
51
Let v(h) = 25*h - 19. Determine v(4).
81
Let z(v) = -v + 4. What is z(-5)?
9
Let f(j) = -j**2 - 3*j - 4. What is f(-3)?
-4
Let y(k) = -k + 10. What is y(18)?
-8
Let a(t) = -t**3 - 4*t**2 + t - 15. What is a(-5)?
5
Let l(z) = -2*z**2 + 42*z - 59. Determine l(19).
17
Let t(a) = -6*a**2 - 2*a - 1. Determine t(1).
-9
Let p(b) = -b**3 + 2*b**2 - b. Calculate p(3).
-12
Let h(z) = -4*z - 7. What is h(2)?
-15
Let d(r) = -3*r + 31. Calculate d(6).
13
Let z(k) = 9*k**2 - 2*k - 2. Calculate z(-1).
9
Let m(d) = -2*d - 6. Determine m(-8).
10
Let z(d) = 7*d**3 + 2*d**2 + 2*d + 1. Calculate z(-1).
-6
Let q(p) = -p**3 - 5*p**2 + 6*p + 4. Calculate q(-7).
60
Let u(s) = 4*s - 21. Determine u(5).
-1
Let a(o) = o**2 - 2*o + 3. Determine a(2).
3
Let y(m) = -30*m - 32. What is y(3)?
-122
Let q(b) = b**3 + 16*b**2 + 10*b + 166. Give q(-16).
6
Let o(h) = 2*h - 23. Give o(20).
17
Let d(c) = c**2 + 8*c - 15. Give d(-7).
-22
Let v(o) = -o**3 + 9*o**2 + 7*o + 22. What is v(10)?
-8
Let i(r) = 3*r**3 - 4*r**2 - 5*r - 5. What is i(-2)?
-35
Let h(r) = 11*r - 4. Determine h(-8).
-92
Let d(s) = -2*s**3 + 51*s**2 + 27*s - 24. Give d(26).
2
Let w(n) = 6*n**2 + n - 2. Determine w(-2).
20
Let c(i) = 5*i**2 - i + 9. Give c(-3).
57
Let z(b) = -b**2 - 7*b - 6. What is z(-4)?
6
Let w(s) = s**3 - 11*s**2 + 3*s - 13. Calculate w(11).
20
Let m(h) = -h**3 + 10*h**2 - 6*h + 10. Give m(9).
37
Let t(x) = -x**3 - 7*x**2 + 22*x + 17. Give t(-9).
-19
Let y(q) = -2*q + 45. Give y(-17).
79
Let g(j) = 9*j**3 + j. What is g(1)?
10
Let a(y) = y**2 + 7*y - 3. Determine a(-6).
-9
Let u(l) = 6*l - 55. Determine u(13).
23
Let q(f) = f**3 + 3*f**2 + 3*f + 3. Calculate q(-3).
-6
Let f(w) = w**2 + 18*w - 38. Calculate f(-20).
2
Let m(t) = 21*t - 133. Calculate m(6).
-7
Let i(b) = -2*b**2 - 69*b - 73. Give i(-31).
144
Let d(r) = -26*r - 27. Give d(-6).
129
Let x(a) = a**2 + 2*a + 1. Give x(-5).
16
Let s(k) = 3*k**2 - k + 2. Give s(3).
26
Let v(w) = -w**2 - 5*w - 5. Give v(-4).
-1
Let i(m) = -23*m**2 - 2*m - 1. Give i(-1).
-22
Let m(a) = -5*a - 1. What is m(3)?
-16
Let n(v) = v - 25. Determine n(15).
-10
Let a(v) = v**3 - 11*v**2 + 11*v - 5. What is a(10)?
5
Let i(g) = g**2 + 42*g + 440. Determine i(-20).
0
Let l(m) = m**2 - 5*m + 3. Determine l(4).
-1
Let o(n) = -n - 59. Calculate o(12).
-71
Let j(y) = y**3 - 20*y**2 - 44*y - 13. Give j(22).
-13
Let f(a) = -a**3 + 8*a**2 - 7*a - 4. Give f(6).
26
Let h(v) = 54*v. Determine h(1).
54
Let y(i) = 6*i**3 - 2*i**2 - i. Calculate y(2).
38
Let t(d) = -7*d**2 - d - 2. What is t(-1)?
-8
Let o(a) = 10*a + 388. What is o(-39)?
-2
Let y(t) = 27*t - 14. Calculate y(1).
13
Let q(h) = h**3 - h**2 - h + 8. Give q(0).
8
Let q(i) = -i**3 + 21*i**2 + 18*i + 75. Give q(22).
-13
Let u(d) = 76*d**2 + 2*d. Determine u(-1).
74
Let v(l) = l**3 + 11*l**2 - 11*l + 17. Determine v(-12).
5
Let p(z) = 3*z**2 - 24*z - 70. Determine p(-3).
29
Let p(o) = 14*o + 32. Calculate p(-4).
-24
Let v(z) = z**3 + 62*z**2 + 61*z + 7. What is v(-61)?
7
Let p(g) = -g**3 + 14*g**2 + 4*g. Determine p(15).
-165
Let a(k) = -34*k**2 - 5*k. Calculate a(1).
-39
Let i(u) = -2*u + 22. What is i(7)?
8
Let b(d) = -32*d + 3. Give b(-1).
35
Let r(u) = 5*u - 138. Give r(27).
-3
Let z(c) = -c**2 - 17*c + 7. Calculate z(0).
7
Let m(l) = -l**3 + 5*l**2 - 2. Determine m(2).
10
Let n(r) = r**2 - 6*r - 69. Determine n(11).
-14
Let q(z) = 3*z. What is q(5)?
15
Let z(p) = p**2 - 8*p + 6. What is z(4)?
-10
Let r(f) = 11*f - 12. Give r(-1).
-23
Let r(m) = m**2 + 7*m - 4. What is r(-14)?
94
Let u(l) = l**3 - 3*l**2 - 6*l. Give u(4).
-8
Let p(b) = b**2 + 3*b - 4. What is p(-3)?
-4
Let k(j) = 4*j + 90. Determine k(-23).
-2
Let g(u) = -35*u + 31. What is g(-5)?
206
Let j(t) = -10*t - 89. What is j(-8)?
-9
Let r(q) = -7*q + 33. Give r(4).
5
Let o(l) = -20*l**2 - 79*l - 2. What is o(-4)?
-6
Let p(v) = -2*v**3 - 4*v**2 - 9*v - 6. Calculate p(-2).
12
Let s(f) = f**2 - 7*f - 3. Determine s(11).
41
Let c(j) = -83*j + 921. Calculate c(11).
8
Let s(x) = x + 12. Give s(-6).
6
Let v(k) = -21*k + 4. Determine v(-3).
67
Let h(a) = -a**2 - a + 6. Calculate h(5).
-24
Let v(a) = -2*a**2 + 18*a - 26. Determine v(7).
2
Let f(y) = -10*y - 138. Determine f(-15).
12
Let d(x) = -6*x - 12. Determine d(3).
-30
Let k(i) = -i**2 + 7*i - 4. Give k(6).
2
Let j(p) = 2*p + 56. Give j(-30).
-4
Let d(g) = g**3 - 46*g**2 - 4*g + 196. What is d(46)?
12
Let c(b) = -b**3 - 6*b**2 + 7*b + 3. Give c(-7).
3
Let a(r) = -19*r - 6. Calculate a(1).
-25
Let a(g) = -g**2 + 7*g - 4. Calculate a(5).
6
Let d(t) = -t**3 + 9*t**2 - 23*t + 26. Determine d(6).
-4
Let h(c) = c**3 + 8*c**2 + 4*c - 6. Calculate h(-7).
15
Let x(v) = 8*v - 7. What is x(11)?
81
Let b(a) = -2*a**2 - 14*a - 10. Calculate b(-4).
14
Let d(n) = -4*n**2 - 7*n - 16. Give d(-6).
-118
Let l(u) = u + 18. Calculate l(-18).
0
Let n(v) = -5*v. Determine n(3).
-15
Let h(p) = -p**2 - 6*p + 11. What is h(-8)?
-5
Let u(g) = -g + 4. What is u(8)?
-4
Let n(j) = 2*j + 8. Calculate n(-3).
2
Let w(m) = m**2 + 9*m - 26. Determine w(-10).
-16
Let c(o) = -5*o + 3. Determine c(-3).
18
Let b(n) = 5*n - 35. Calculate b(5).
-10
Let x(s) = -s**3 - 15*s**2 - 14*s - 10. Calculate x(-14).
-10
Let r(n) = -13*n - 15. Calculate r(10).
-145
Let m(u) = u**2 + 8*u - 14. Calculate m(-6).
-26
Let g(j) = -j + 24. Give g(5).
19
Let h(g) = 3*g + 7. Calculate h(-5).
-8
Let v(p) = 12*p. Give v(-1).
-12
Let j(u) = 9*u**2 + 2*u - 2. Determine j(1).
9
Let l(c) = c**2 - 14*c - 5. Give l(13).
-18
Let x(k) = -k**2 - 1. What is x(-5)?
-26
Let s(o) = 5*o**2 - 49*o + 100. Determine s(7).
2
Let f(s) = -s**2 + 3. Determine f(-3).
-6
Let w(f) = -f**3 + 3*f**2 + f + 5. Determine w(5).
-40
Let s(v) = 10*v - 2. Calculate s(1).
8
Let a(n) = 13*n + 5. Determine a(-2).
-21
Let j(i) = 56*i**3 - i - 1. What is j(-1)?
-56
Let a(o) = -2*o**3 - o**2 + 2. What is a(-3)?
47
Let n(x) = 2*x**2 + 27*x + 19. Determine n(-13).
6
Let v(t) = -15*t - 271. Calculate v(-18).
-1
Let f(j) = -40*j**3 + j**2 - 1. Calculate f(-1).
40
Let v(l) = -3*l**2 - l + 1. Give v(-2).
-9
Let r(c) = -3*c**3 - c. Give r(1).
-4
Let g(v) = 56*v + 1. Give g(-1).
-55
Let t(j) = -j**3 + 3*j**2 - 2*j - 2. Determine t(2).
-2
Let b(o) = -20*o + 5. Determine b(2).
-35
Let w(c) = c**2 + 16*c + 68. Calculate w(-10).
8
Let w(r) = -r**2 - r - 2. Calculate w(-6).
-32
Let t(p) = p**3 + 12*p**2 - 12*p + 16. Give t(-13).
3
Let m(l) = l**2 + 16*l - 6. What is m(-16)?
-6
Let h(v) = -29*v + 7. What is h(2)?
-51
Let g(j) = 3*j**2 - 89*j + 132. What is g(28)?
-8
Let h(k) = -k**2 - 11*k + 15. Calculate h(-9).
33
Let x(t) = 3*t**2 - 67*t - 194. Give x(25).
6
Let f(t) = -2*t - 26. Calculate f(-24).
22
Let o(q) = 6*q**2 - 19*q + 3. Calculate o(2).
-11
Let n(b) = -13*b + 33. Give n(3).
-6
Let m(w) = w**3 + 47*w**2 + 48*w + 108. Calculate m(-46).
16
Let c(o) = -4*o + 2. What is c(2)?
-6
Let c(n) = n**3 - 7*n**2 + 13*n - 3. Determine c(5).
12
Let j(v) = -v**2 - 25*v + 123. What is j(4)?
7
Let u(y) = y**3 + 3*y**2 - y + 6. Calculate u(0).
6
Let z(y) = y**3 + 12*y**2 - 28*y - 3. Calculate z(-14).
-3
Let c(g) = 17*g - 2. Determine c(-3).
-53
Let o(g) = -38*g**3 - 1. What is o(-1)?
37
Let j(s) = -s**2 - s + 5. What is j(-3)?
-1
Let s(f) 